nds digit of 4/10 + (-9)/((-540)/376356)?
6
Let y be 2/(-4 - 1591/(-398)). Let b be y/8 - 4/(-8). Let r = b - -165. What is the units digit of r?
6
Let s be ((-171)/(-30))/((-60)/(-600)). Let p be (-2)/7 - (-878)/(-14). Let b = s - p. What is the hundreds digit of b?
1
Suppose 3*m + 13*q - 9*q - 241 = 0, -4*m = -q - 296. Suppose -1044 = 72*s - m*s. What is the units digit of s?
8
Let o = -439 + 447. What is the hundreds digit of o*(-5 - 5*-22)?
8
Suppose 3*n - 54 = -12. Suppose -4*r + 2 + n = 0. Suppose -2*q - r*c = -7*q + 1019, -5*q + 1031 = -c. What is the units digit of q?
7
Let m(o) = 109*o**2 + 2*o - 3. Suppose -5*t + 3*r = -1, r - 5 = 2*t - 6. What is the hundreds digit of m(t)?
4
Let z be ((1/4)/(8/928))/1. Suppose -z*r = -3529 + 78. What is the hundreds digit of r?
1
Suppose -y = -7 - 4. Suppose 3*r - 2 + y = -3*w, 0 = -5*r - 25. Suppose -4*s - 3 = u + 3, -5*u = -w*s - 58. What is the units digit of u?
0
Suppose 11*f = 10*f + 2. Let x(z) = f*z + 5*z + 44 - 54. What is the units digit of x(8)?
6
Suppose o - s = -96 - 221, 4*o + 5*s + 1232 = 0. Let r = 200 - o. What is the units digit of r?
3
Let i = -137 - -79. Let v = i - -58. Let h(u) = u**2 - u + 96. What is the tens digit of h(v)?
9
Let t(k) = 159*k - 60. Let f be t(40). Suppose -f = -62*s + 41*s. What is the units digit of s?
0
What is the units digit of ((11 + -17)*1*2)/(15/(-36250))?
0
Let w(q) be the second derivative of -q**5/20 + 7*q**4/12 + q**2/2 + 21*q. Let c be w(7). What is the tens digit of (-43)/3*c*(-1 + -2)?
4
Let j(p) = -32*p + 3. Let d(l) = 63*l - 7. Let w(r) = -4*d(r) - 7*j(r). Let t = -209 + 203. What is the tens digit of w(t)?
7
Let n(x) be the second derivative of -7*x**4/12 - 113*x**3/6 + 7*x**2/2 + 5*x - 12. What is the tens digit of n(-14)?
1
Let r = 16457 - 10006. What is the units digit of r?
1
Let f = 120185 - 82183. What is the hundreds digit of f?
0
Suppose 5*n - 3633 = -24*l + 23*l, 0 = -2*l - 12*n + 7270. What is the units digit of l?
3
Suppose -84 = -5*c - 14. Let d = c + -7. What is the units digit of d?
7
Suppose 7*n - 1040 = -3*n. Suppose 2*x = o - n - 260, o - 357 = -5*x. What is the hundreds digit of o?
3
Let r be 4/((-12)/(-69)) - 4. Let k(d) = -d**3 + 22*d**2 - 43*d - 25. Let h be k(r). Let i = h + -88. What is the tens digit of i?
5
What is the tens digit of (45990/7)/(6 + -14 + 9)?
7
Suppose 4*h + 18*w - 5 = 13*w, 0 = h + 5*w - 5. Suppose p - 1072 + 338 = h. What is the units digit of p?
4
Let j(g) be the third derivative of 41*g**4/24 + 53*g**3/6 + 37*g**2. What is the hundreds digit of j(4)?
2
Let q = 38 - 34. Suppose 2*s + 649 = 3*j, -6*j + s = -q*j - 433. Suppose -4*h - w + 2*w + j = 0, 0 = 2*h - 5*w - 113. What is the tens digit of h?
5
Let c be (-41)/(4/(-12)*1). Suppose -11*f + 1201 = c. What is the tens digit of f?
9
Suppose g - 18 = -8*g. Suppose -g*h + 2*r + 280 = 0, 4*r - 279 = -3*h + 155. What is the tens digit of h?
4
Let k(y) = -34*y**2 + 5*y - 5. Let x be k(2). Let t = 548 + x. Suppose 5*c - t = 3. What is the units digit of c?
4
Let y = -161 + 77. What is the hundreds digit of ((-42)/(-4))/((-2)/y)?
4
Suppose 4*j + 46 - 54 = 0. Suppose 3*n = -y + 713, -5*n + 1207 = -j*y - y. Suppose -807 = -5*o + 4*c + n, -12 = 3*c. What is the hundreds digit of o?
2
Let z(t) = 19*t + 12. Let g be z(5). Let d = g - 107. What is the tens digit of (d - -29)/((-1)/(-7))?
0
Let z = -795 + 792. What is the units digit of (-1)/1*z + 3 + 1253?
9
Let g = -156 - -160. Suppose g*o + 236 = 1652. What is the tens digit of o?
5
Let n = 15998 + -4951. Suppose 8*d - 137 - n = 0. What is the thousands digit of d?
1
Let z(y) = 5*y**2 - 8*y + 1. Let f be z(-2). Let i = 11 - f. Let k = 21 - i. What is the tens digit of k?
4
Let g(r) = r**3 + 28*r**2 + 129*r + 18. Let z be g(-22). Let k = 186 + -41. Let c = k - z. What is the units digit of c?
1
What is the units digit of 2/12 + -4 + (-206248)/(-48)?
3
Suppose -312 = -2*c - 4*m, -3*m + 49 + 419 = 3*c. Let y be 3*(c/9)/1. Let d = y - -58. What is the units digit of d?
0
Suppose -4*p + 2*b = 32, b + 3*b + 26 = -2*p. What is the hundreds digit of 2502/12*(-6)/p?
1
Suppose 4*t - 50986 = -242*x + 240*x, 0 = t + 5*x - 12760. What is the units digit of t?
5
Let r(h) = 7*h + 182. Let m(c) = -208*c - 5460. Let n(s) = -3*m(s) - 91*r(s). What is the tens digit of n(-17)?
3
Suppose -4*o = 4*i - 41 + 13, 3*o - 26 = 2*i. Let b be 0 - 1 - (2 - o). Suppose b*z - 4 - 1 = 0. What is the units digit of z?
1
Let u(a) = -18*a - 12. Let y be (-153)/(-2)*8/6. Let v = y - 112. What is the hundreds digit of u(v)?
1
Let p(j) = 419*j**2 + 2*j + 5. What is the units digit of p(1)?
6
Suppose -3*m + x + 56 = 0, x + 72 = 3*m + 4*x. Let p be (-3)/((-2)/m*6). Suppose 4*q - 459 = -j - 0*j, -3*q + p*j + 373 = 0. What is the tens digit of q?
1
Let o = 432 - 410. Suppose 1120 = -o*v + 25*v + 2*a, -750 = -2*v + 2*a. What is the hundreds digit of v?
3
Let j = -17470 + 27564. What is the hundreds digit of j?
0
Let s(y) = 50*y**2 - 3*y + 17. Let l be s(4). Suppose -l + 173 = -2*j. What is the hundreds digit of j?
3
Let n be 10/2*(-10 - -11). Suppose -42 = -n*w - 2*f + 10, 5*w - 55 = -5*f. Suppose 0 = 6*x - w*x + 244. What is the units digit of x?
1
Let t = 4156 - -205. What is the hundreds digit of t?
3
Let a = 40 - 30. Let k(g) = -g - a + 0*g - 2*g - 2*g. What is the units digit of k(-6)?
0
Suppose 13*c - 64 = -12. Let r(f) = 2*f**3 + f**2 + f - 2. Let g be r(3). Suppose -284 = -c*y + n + 2*n, y + n = g. What is the units digit of y?
8
Suppose 18 = 5*q - 4*g, -3*g = -1 + 7. What is the units digit of (60/36)/(q/318)?
5
Let w = 281 + -202. Let d = 6 - 4. Suppose d = -n + w. What is the tens digit of n?
7
Suppose 2*d = -d + 6. Let s be 2718/15 - d*1/10. Let a = s + -122. What is the units digit of a?
9
Let o = -20267 - -34487. What is the ten thousands digit of o?
1
Suppose 20 = -45*k + 43*k. Let g(h) = h**2 + 11*h + 14. Let t be g(k). Suppose -2*c + t*c = v + 1, -2*c + 2 = 0. What is the units digit of v?
1
Let u(y) be the second derivative of -y**5/4 + y**4/4 + 2*y**3 + y**2 - 8*y. Let m(b) = -b**3. Let r(d) = 4*m(d) - u(d). What is the units digit of r(6)?
4
Let l(f) = f**3 + 15*f**2 + 25*f - 9. Let n be l(-13). Suppose d - 5*t = 772, t = n*d - 5*d + 748. What is the tens digit of d?
5
Let w(q) = q**3 - 19*q**2 + 34*q + 8. Let k be w(17). Suppose -21*o - k*o + 27492 = 0. What is the tens digit of o?
4
Suppose 39740 = 3*i + j, -j - 66260 = -5*i + 4*j. What is the tens digit of (-180)/(-85) + -2 + i/102?
3
Let a = 12212 - 6119. What is the tens digit of a?
9
Let l(t) = 678*t**3 + 22*t**2 - 41*t + 5. What is the units digit of l(2)?
5
Let p(v) = 7492*v**2 - 783*v + 781. What is the units digit of p(1)?
0
Let h be 26/22 - 18/99. Let v(k) = 2*k**3 + k**2 - 2*k + 1. Let o be v(h). Suppose -107 = -0*d - d + o*y, 483 = 5*d + 3*y. What is the units digit of d?
9
Suppose 3*q - 2*j - 21817 = 0, -q + 36350 = 4*q - j. What is the units digit of q?
9
Let x = 11617 + -7218. What is the thousands digit of x?
4
Let k(o) be the third derivative of 3*o**5/20 - 5*o**4/8 - 7*o**3/3 + 42*o**2. What is the hundreds digit of k(-4)?
1
What is the units digit of 12/(-18) - (-24562)/6?
3
Let j be 35/(-14)*148/10. Let z = 324 - j. What is the tens digit of z?
6
Suppose 67*g - 62*g + 3*y - 57090 = 0, -45665 = -4*g - y. What is the ten thousands digit of g?
1
Suppose -40*s + 568 = -39*s. Let i = s - 1004. What is the tens digit of i/(-20) + (-2)/(-10)?
2
Suppose 19*w - 144768 = 3*w. What is the hundreds digit of w?
0
Suppose 20*r - 250 + 70 = 0. Let j(w) = 38*w + 60. What is the tens digit of j(r)?
0
Suppose 49*k = 48*k + 48. Let h = k + -107. Let c = h + 69. What is the units digit of c?
0
Let r(x) = -40*x - 115. Let q(c) = 20*c + 57. Let v(y) = -13*q(y) - 6*r(y). Suppose -12*p + 20*p - 19*p - 88 = 0. What is the hundreds digit of v(p)?
1
Suppose -2*i - 10276 - 922 = -4*c, -5*c + 13999 = -i. What is the tens digit of c?
0
Let l(q) = 2*q - 4. Let o be l(-6). Let s(h) = -976 - h + 1971 - 967. What is the tens digit of s(o)?
4
What is the ten thousands digit of -1 + 1295/10*482?
6
Let g = -849 + 843. What is the hundreds digit of 4/6 - (10676/g - -3)?
7
Suppose 19 = -4*p + 5*g, 4*g = -4*p + 12 - 4. Let h be (4/8)/(p/(-586)). Let v = h + -168. What is the hundreds digit of v?
1
